ivisor of 95 and 798?
19
Calculate the greatest common divisor of 481 and 37.
37
What is the greatest common divisor of 6592 and 618?
206
Calculate the greatest common divisor of 2388 and 12.
12
What is the highest common divisor of 4018 and 82?
82
Calculate the greatest common factor of 261 and 116.
29
What is the highest common factor of 126 and 7?
7
Calculate the greatest common divisor of 2542 and 2214.
82
Calculate the highest common divisor of 427 and 7.
7
What is the highest common factor of 3003 and 770?
77
Calculate the greatest common factor of 98 and 14.
14
What is the highest common factor of 45 and 8685?
45
Calculate the greatest common factor of 306 and 782.
34
What is the greatest common divisor of 288 and 352?
32
What is the highest common factor of 21978 and 444?
222
What is the highest common divisor of 225 and 175?
25
What is the greatest common divisor of 6 and 786?
6
What is the greatest common divisor of 100 and 3020?
20
Calculate the highest common divisor of 90 and 16110.
90
Calculate the greatest common divisor of 262 and 1703.
131
What is the greatest common divisor of 15 and 1095?
15
Calculate the highest common factor of 3706 and 102.
34
What is the highest common factor of 14 and 329?
7
Calculate the highest common factor of 44 and 33352.
44
What is the greatest common factor of 72 and 90?
18
What is the highest common factor of 148 and 259?
37
What is the highest common divisor of 3105 and 6555?
345
Calculate the greatest common divisor of 20 and 100.
20
What is the greatest common factor of 611 and 13?
13
Calculate the greatest common divisor of 126 and 54.
18
What is the greatest common factor of 4512 and 2397?
141
What is the greatest common factor of 238 and 1156?
34
Calculate the greatest common divisor of 60 and 67780.
20
Calculate the highest common divisor of 30 and 1935.
15
Calculate the highest common factor of 32 and 624.
16
What is the greatest common divisor of 104 and 1404?
52
What is the greatest common factor of 2088 and 324?
36
Calculate the greatest common factor of 16 and 2096.
16
What is the highest common factor of 38 and 38?
38
What is the greatest common factor of 26 and 1066?
26
What is the greatest common factor of 90 and 495?
45
What is the highest common factor of 55 and 275?
55
Calculate the greatest common factor of 44 and 220.
44
What is the highest common divisor of 35 and 655?
5
What is the highest common divisor of 650 and 13?
13
Calculate the greatest common factor of 17 and 3349.
17
What is the highest common factor of 84 and 24570?
42
Calculate the highest common factor of 1406 and 1558.
38
What is the greatest common divisor of 160 and 180?
20
Calculate the greatest common factor of 525 and 19775.
175
What is the greatest common factor of 7 and 2415?
7
Calculate the greatest common factor of 36 and 414.
18
Calculate the highest common factor of 71 and 1.
1
Calculate the highest common factor of 66 and 14674.
22
Calculate the greatest common factor of 135 and 18.
9
What is the highest common divisor of 10 and 9290?
10
Calculate the greatest common divisor of 126 and 336.
42
What is the greatest common factor of 315 and 42?
21
Calculate the greatest common factor of 40 and 1096.
8
What is the greatest common factor of 437 and 57?
19
Calculate the greatest common factor of 1 and 269.
1
What is the highest common divisor of 28 and 175?
7
What is the greatest common factor of 28 and 42?
14
Calculate the greatest common divisor of 594 and 110.
22
Calculate the greatest common factor of 7900 and 100.
100
What is the highest common divisor of 1408 and 22?
22
What is the highest common factor of 867 and 9248?
289
What is the greatest common factor of 370 and 84730?
370
Calculate the highest common divisor of 742 and 42.
14
Calculate the greatest common factor of 14 and 16.
2
What is the highest common factor of 128 and 16?
16
What is the greatest common divisor of 28 and 76?
4
What is the highest common factor of 20 and 2280?
20
Calculate the highest common factor of 142 and 497.
71
Calculate the greatest common divisor of 105 and 175.
35
Calculate the highest common factor of 1476 and 36.
36
What is the greatest common divisor of 252 and 28?
28
What is the highest common factor of 23272 and 8?
8
Calculate the greatest common factor of 15611 and 466.
233
Calculate the greatest common factor of 1955 and 20.
5
Calculate the greatest common divisor of 486 and 117.
9
What is the highest common divisor of 15 and 10?
5
Calculate the highest common divisor of 7 and 63.
7
What is the highest common divisor of 759 and 55?
11
Calculate the highest common divisor of 43 and 86.
43
What is the greatest common divisor of 37 and 1961?
37
What is the greatest common divisor of 6048 and 567?
189
Calculate the greatest common divisor of 657 and 18.
9
Calculate the highest common divisor of 33 and 303.
3
What is the highest common factor of 69 and 60?
3
What is the greatest common divisor of 3289 and 4433?
143
What is the greatest common divisor of 130 and 510?
10
What is the greatest common factor of 1248 and 32?
32
Calculate the greatest common divisor of 6590 and 10.
10
What is the greatest common divisor of 396 and 462?
66
What is the highest common divisor of 1911 and 1470?
147
What is the greatest common divisor of 15 and 135?
15
Calculate the highest common divisor of 98 and 2.
2
What is the highest common factor of 38 and 1178?
38
What is the greatest common factor of 69 and 368?
23
Calculate the highest common divisor of 15 and 160005.
15
Calculate the greatest common divisor of 327 and 6.
3
What is the highest common divisor of 1817 and 2449?
79
Calculate the highest common factor of 3 and 1281.
3
Calculate the highest common factor of 130 and 65.
65
What is the greatest common factor of 80 and 464?
16
Calculate the greatest common divisor of 76 and 1577.
19
Calculate the highest common divisor of 336 and 63.
21
Calculate the greatest common factor of 455 and 945.
35
Calculate the greatest common divisor of 5658 and 138.
138
What is the greatest common divisor of 47 and 4?
1
Calculate the greatest common divisor of 208 and 13.
13
What is the highest common divisor of 6 and 672?
6
Calculate the greatest common factor of 45 and 615.
15
Calculate the greatest common divisor of 115 and 160.
5
What is the greatest common divisor of 713 and 23?
23
Calculate the greatest common divisor of 1323 and 49.
49
What is the greatest common divisor of 10 and 470?
10
Calculate the highest common divisor of 369 and 18.
9
What is the greatest common factor of 1 and 811?
1
Calculate the greatest common divisor of 2565 and 135.
135
Calculate the greatest common divisor of 2714 and 138.
46
What is the greatest common divisor of 799 and 94?
47
What is the greatest common divisor of 47 and 188?
47
What is the greatest common factor of 211 and 1899?
211
What is the greatest common factor of 300 and 36?
12
Calculate the highest common divisor of 160 and 280.
40
What is the greatest common factor of 974 and 14?
2
Calculate the highest common factor of 372 and 2.
2
Calculate the greatest common factor of 435 and 1410.
15
What is the greatest common factor of 11501 and 424?
53
Calculate the greatest common factor of 24 and 8.
8
What is the highest common factor of 7 and 77?
7
What is the greatest common divisor of 13 and 1261?
13
What is the greatest common factor of 106 and 1007?
53
What is the highest common divisor of 2 and 1866?
2
What is the greatest common divisor of 9 and 9?
9
Calculate the greatest common divisor of 5558 and 14.
14
What is the highest common divisor of 55 and 2255?
55
What is the greatest common factor of 665 and 95?
95
What is the highest common divisor of 320 and 12?
4
What is the highest common divisor of 124659 and 19?
19
Calculate the highest common factor of 3 and 8856.
3
Calculate the highest common factor of 9246 and 253.
23
What is the highest common divisor of 8 and 124?
4
Calculate the greatest common divisor of 246 and 1066.
82
What is the greatest common factor of 16 and 144?
16
Calculate the highest common factor of 515 and 5.
5
What is the highest common factor of 52 and 1196?
52
Calculate the greatest common factor of 3670 and 70.
10
Calculate the highest common factor of 30 and